45
Calculate 0 - 4 - ((-1 - (33 + 1)) + -1).
32
What is (-73 - (78 - 76)) + 55?
-20
Evaluate (9 - 42 - (8 - 36)) + -1 + -36.
-42
What is the value of -30 - (16 - 44) - (37 - -24)?
-63
Calculate -1 - 15 - (26 + (14 - (37 + -16)) - -49).
-84
-1 + 2 - (-8958 - -8903)
56
What is the value of (-15 + (-55 - (8 - 18)) - 12) + (2 - -6)?
-64
-215 - -184 - (-3 + 6 + 3)
-37
What is 177 + 83 + -268 - (-84 - 1)?
77
What is the value of -8 + 8 + -8 + (-6 + 8 - 5)?
-11
What is the value of 5 + (-100 + 62 - 21)?
-54
What is (-17 - -3 - -32 - 13) + 3 - -39?
47
5 + (-1 - (12 + (-9 - 0) - -1))
0
Calculate 1 + -4 + (-1 - -16) + 28 + -71 + 52.
21
Evaluate (-26 - (-4 - -3)) + (400 - 335).
40
Evaluate 19 - (5 + (-2 - (-15 + 5))) - -39.
45
-17 - (20 + -18 - 34) - (-2 - 27)
44
What is the value of -8 + (60 - -36) + (3 - 28)?
63
What is the value of -376 + 493 - (71 - 8)?
54
7547 + -7442 + (-79 - 1)
25
Evaluate 377 + -320 - (3 - (0 + -17)).
37
What is (-45 - -86 - (10 - -11)) + -128?
-108
-156 - -117 - (3 + (-7 - 2))
-33
Evaluate -19 - (3 + 5) - 31 - 2.
-60
What is the value of -17 + -42 + 41 + -31 + (0 - -10)?
-39
What is -7 + -2 + (5 - -35 - (22 + -37))?
46
Calculate 92 + (91 - 150) + 44.
77
Evaluate 0 - -1 - ((57 - 121) + 71).
-6
Calculate 30622 + -30610 - (0 + 69 + 0 + -1) - -5.
-51
What is the value of (-821 - -807) + (-56 - 4 - (0 + 0))?
-74
What is -17 + -45 + (-58 - -86)?
-34
133 + (28 + -82 - -6)
85
Evaluate (1 - 0) + -35 - (9400 + -9431).
-3
What is the value of 7 - 71 - (-16 + -31)?
-17
What is the value of 25 + (-109 - (27 - 174))?
63
Evaluate -43 + (3 - 8) + (14 - (-17 - -29)).
-46
Calculate (64 - -9) + (-21 + (23 - 7) - 11).
57
What is the value of 360 + -370 - ((7 + 0 - 4) + -30)?
17
Calculate -273 - -254 - (-94 - (3 + -4)).
74
(18 - -36 - -37) + -2
89
(15 - 2) + -47 + 18 + (-112 - -27)
-101
Calculate (-42 + 59 + -27 - (-18 + -2)) + 30 + 1.
41
(11 - (-4 - -6)) + (10 - 1) + -4 + 6
20
16 - -17 - (162 + -127) - (0 - -32)
-34
(1 - 14) + -110 + 96 + 0 + 4 + 2
-21
What is the value of 1 + -17 + (-56 - (-1 - 102))?
31
What is the value of -111 + (-9 + (22 - 8 - 8) - (0 - 8))?
-106
What is (8 + (7 - 9) - 19) + -13 + 3 + 0?
-23
What is 31 + -19 + -65 + -1 - -12?
-42
What is the value of -698 + 673 - (-2 - 6)?
-17
What is (-2 - (-21 - (21 + -39))) + -3 + -91?
-93
What is the value of -54 + 4 + -9 + (8 - -4) + -4 + 2?
-49
Evaluate -8 + 18 + -29 - -14 - (-4 + 3 - 27).
23
Evaluate 246 + -242 - (5 + 1 + -32 + 8).
22
Evaluate -5 + 6 - (1807 - 1925).
119
Evaluate 8 + (1 - -1) + (26235 - 26134).
111
What is 12 - (11 - (-4 - (17 - (-6 - -22))))?
-4
What is the value of (-787 - -784 - ((-3 - -1) + 0)) + -96?
-97
What is -65 + 1 - (-35 + (24 - -42) - 45)?
-50
Evaluate 21 + -13 + 9 + (-17 - 36).
-36
Evaluate 3 + -38 + (23 - 15).
-27
What is -20 + (10 + 27 + -58 - -66)?
25
(-4 - 10) + -202 + 225
9
What is the value of (-58 + 0 - (214 + -233)) + (0 - 8)?
-47
What is the value of 18 + -172 + 124 - (2 + (12 - -2))?
-46
What is -14 - -7 - (-9 + 20 - -20)?
-38
Calculate -40 + 21 + 17 + -1 + -44 + 3 - -4.
-40
What is -2772 + 2682 + (45 - 2)?
-47
What is the value of -2 + 7 + 29 + 20 - 5?
49
14 - 2 - (-130 + 142)
0
10 + (-19 - -44 - 19 - (1 - 7))
22
What is (10 - -1) + 16723 + -16791?
-57
Calculate -54 + 138 + -23 - 24.
37
243 + -356 + 24 + -33
-122
What is 51 + (5 + -32 - -38)?
62
What is the value of 45 + -34 - -36 - (1 + -1)?
47
Evaluate -4 + 7 + -2 + 6 + (66 - 87).
-14
Calculate 377 - 429 - (-2 + -7).
-43
Evaluate -29 + 56 + -428 + 283.
-118
Calculate (65 - (3 + -1 + -1)) + 101 + 30 + -125.
70
Evaluate -21 + 5 + -3 - (184 - 152).
-51
Evaluate (9 - (21 + (-1 - -11 - 9))) + 49.
36
Calculate (-22 - 32) + 183 + -62.
67
Evaluate -3 + (8 - (-1 - -1) - (278 + -246)).
-27
-19 + 42 + 28 + 3 + -135
-81
What is the value of 71 + 23 + -3 + -37 + 24?
78
4 + 1 + -3 + -2 + (-1 - 11) + -23
-35
Evaluate -165 - (21 - 65 - 66).
-55
-154 - -54 - (-48 + -78)
26
What is -7 + (15 - -18) + 21 + (-1 - 2)?
44
What is the value of 10 + -6 - 1 - (51 + -9 - -6) - 3?
-48
Evaluate (-37 - (-25 - 0)) + -22.
-34
17 + (-4 + 5 - 4) - 2 - -11
23
What is the value of 12 - 48 - (-2 + -162) - (2 - 6)?
132
Calculate 50 + (-32 - (18 - -20)).
-20
-14 + 1 + 46 + -63
-30
-202 + 221 + 29 + 2 + 51
101
(-3 - -21) + -20 - (-120 + 110 - (68 - 1))
75
What is the value of -18 - (11 + -3 - (-56 - (-63 + 26)))?
-45
-38 + (92 - 36 - 71)
-53
What is the value of -157 + 4 + -6 - (114 + -186 + 61)?
-148
Calculate (229 + -208 - (-4 - 2)) + -20.
7
What is the value of 34 - -12 - 8 - (-27 + 51 + -18)?
32
What is (2 - (19 - (-2 + 33))) + 14?
28
Evaluate -3 + (0 + (0 - -8) - (-1079 + 1100)).
-16
What is the value of -95 - -12 - (17 - (11 + 34) - -17)?
-72
Evaluate 3 + -9 - (39 + (10 - 2) - (1 - -12)).
-40
Calculate 3 - (3 + -8 + 13 + (-13 - 1)).
9
-32 + -5 + (-18 + (7 - -3) - 1)
-46
Evaluate 25 + 23 + 20 - 11.
57
What is the value of (-15 - (-16 + 5) - (-12 - 8)) + (-1 - 136)?
-121
What is the value of 0 + 1 + 1 - (-13927 - -13981)?
-52
Evaluate -25 - (78 - -19) - -157.
35
Calculate -10 + (-9 - (-31 - -28)) - (16 + 0).
-32
What is -1 - 149 - (-3516 - -3398)?
-32
What is the value of -17 + 13 + 16 + 4 + -21 + -23?
-28
What is -262 + 199 + 1 + 104?
42
What is (31 + -11 - 9) + (4 - (-3 - -2 - -21))?
-5
What is 174 + -79 - 59 - 67?
-31
Evaluate 7 + (-6 - 6) - 16 - (11 - 16).
-16
What is -9 + (1 - 1) + 30 + -19?
2
Evaluate (-21 - -2) + 56 + -20 + -56.
-39
Calculate 28 + (22 - 42) - (-4 + -1 + 3 + -48).
58
What is the value of (165 - 312) + 252 + -10?
95
What is the value of (42 - 78) + 27 - (2 + -2)?
-9
Evaluate -36 + -52 + -97 + 151.
-34
Evaluate (113 - (-47 - -116)) + 0 + 0.
44
What is the value of (-5 - (10 + -2)) + (-17 - (-58 - -11))?
17
Calculate -626 - -574 - (-9 - 84).
41
-30 + 6 + (-103 - -82) + (-1 - -3 - 7)
-50
Evaluate (23 - 27 - (1 - -2) - 6) + -30.
-43
Calculate -51 + (46 + -56 + 30 - (1 - -5)).
-37
What is the value of 7 + -27 - (17 + (25 - 65))?
3
What is (7 - -9) + (-150 - -98 - (-7 + -1))?
-28
Evaluate -16 + (0 - 18 - (-167 - (60 + -61))).
132
What is 337 - 256 - (35 - 8)?
54
What is the value of -29 + (76 - 30) + -23 + (0 - -1)?
-5
Calculate (-34 - (-14 + (17 - 2))) + -15.
-50
22 + 6 - 43 - (23 + 2 + 6)
-46
What is the value of -82 + 110 - ((9 + (-2 - 4) - -10) + -2)?
17
(-18 - 39) + -22 + 85
6
What is the value of (-33 - -10 - -19) + -58?
-62
What is 2 + -54 + 6 - (22 + -15 - 16)?
-37
What is 588 + -655 - (1 - 30)?
-38
What is the value of -12 - (44 - (9 - (-23 - -9)))?
-33
What is the value of 61 + (18 - (43 + 12 + -11) - -8)?
43
What is the value of -39 - (-152 - (28 + -31 + -8))?
102
What is (81 - (0 + 44)) + (86 - 27)?
96
What is the value of 187 + -52 + -114 + -19 + 3?
5
What is 6 - 77 - (55 - 189)?
63
Calculate -12 + 0 + 1 + (60 - (-68 - -38 - -18)).
61
Evaluate -3 + -11 + (38 - 46) + -16.
-38
Evaluate -3 + -79 - (25 - 59 - (-9 - 4)).
-61
What is 16 + (3 + 3 + -4 - (-10 - (-7 + -9)))?
12
(44 - (-47 - (46 + -150))) + -30
-43
10 - (32 + -55 + 5 - -26)
2
-1 + (-186 - -174 - ((-1 - -2) + -2))
-12
What is (152 + -68 - -41) + -111?
14
2230 - 2205 - (-100 - (-5 - -1))
121
Calculate 113 - 112 - -50 - 15.
36
(-49 - -15) + 12 + 5 + 1 - 4
-20
Evaluate 39 - (10 - (1099 - 1091 - (9 + -1 + 1))).
28
Calculate (-48 - (17 - (14 - -12))) + 4.
-35
-41 + (-18 - -20 - 13 - -17 - -5)
-30
10 + (-12 - -24 - (-20 + -15 + -4))
61
-106 + (92 - 32) + 15
-31
Evaluate 42 + -6 + 0 + 6 + -7 + 7 + -9.
33
-100 + 181 + -120 - -130
91
What is -10 - (44 - 22 - 8 - 40)?
16
What is -64 + 22 + -315 + 273?
-84
What is -1 + -101 + 3 + 0 + -8 + (-111 - -118)?
-100
Calculate 1 + 25 - (-1689 - -1683).
32
Calculate 2 + -89 + (-87 - -172).
-2
What is -20 - (-4 + 6) - (-195 - -152)?
21
35 + -23 + 46 - 90
-32
(-5 - 12) + 16 + (6 - -5) + 34
44
Calculate (-51 - (44 - 76)) + (1 - (-1 + -1)) - -11.
-5
Evaluate (0 - 0) + (-31 + 37 - (5 - -41)).
-40
-44 - (-71 + 51 - 37)
13
What is -6 - 123 - (8 + -4 + (-23 - -6))?
-116
What is 6 - ((-1410 - -1434) + (0 - -1))?
-19
Evaluate (66 - (15 + -5)) + 2 + 26.
84
(34 - (-6 - -62)) + 28
6
Evaluate 20 + (12 - -25) + 1 + (-2 - -2) + 6.
64
Calculate 29 + -46 + 55 - 60.
-22
39 + (-28 + 30 - -2) + -1
42
Calculate 23 + -114 + 49 - -80.
38
42 + -54 + (-14 - 2) + 5 + -6
-29
-3 - -2 - 17 - -8 - (-26 - -8)
8
What is 19 + (4 - 17) + 31 + -4